{"id":463,"date":"2013-07-31T09:51:05","date_gmt":"2013-07-31T03:51:05","guid":{"rendered":"http:\/\/www.cupropk.com\/elektro\/product\/zarizeni-smi-obsluhovat-jen-povereny-pracovnik\/"},"modified":"2025-10-17T12:19:21","modified_gmt":"2025-10-17T11:19:21","slug":"zarizeni-smi-obsluhovat-jen-povereny-pracovnik","status":"publish","type":"product","link":"https:\/\/www.cupropk.com\/elektro\/produkt\/zarizeni-smi-obsluhovat-jen-povereny-pracovnik\/","title":{"rendered":"ZA\u0158\u00cdZEN\u00cd SM\u00cd OBSLUHOVAT JEN POV\u011a\u0158EN\u00dd PRACOVN\u00cdK"},"content":{"rendered":"<p><strong>Samolepic\u00ed etiketa &#8222;ZA\u0158\u00cdZEN\u00cd SM\u00cd OBSLUHOVAT JEN POV\u011a\u0158EN\u00dd PRACOVN\u00cdK&#8220;.<\/strong><\/p>\n<p><strong>Etiketa je vyti\u0161t\u011bna technologi\u00ed s\u00edtotisku, kter\u00e1 zaru\u010duje produktu maxim\u00e1ln\u00ed trvanlivost (interi\u00e9r, exteri\u00e9r) a barevnou st\u00e1lost.<\/strong><\/p>\n","protected":false},"excerpt":{"rendered":"<p><span style=\"font-size: 12pt; color: #0000ff;\"><strong>SAMOLEPIC\u00cd ETIKETA<\/strong><\/span><\/p>\n<p><span><strong><span style=\"font-size: 12pt; color: #0000ff;\"><strong>3907<\/strong><\/span><br \/><\/strong><\/span><\/p>\n","protected":false},"featured_media":462,"template":"","meta":[],"product_brand":[],"product_cat":[32,20],"product_tag":[249],"class_list":{"0":"post-463","1":"product","2":"type-product","3":"status-publish","4":"has-post-thumbnail","6":"product_cat-prikazove-lezate-samolep","7":"product_cat-prikazove","8":"product_tag-249","9":"pa_rozmeryetiketlezate-44-26x74mm","10":"pa_rozmeryetiketlezate-10-37x105mm","11":"pa_rozmeryetiketlezate-19-52x148mm","12":"pa_rozmeryetiketlezate-c7-74x210mm","14":"first","15":"instock","16":"taxable","17":"shipping-taxable","18":"purchasable","19":"product-type-variable","20":"has-default-attributes"},"_links":{"self":[{"href":"https:\/\/www.cupropk.com\/elektro\/wp-json\/wp\/v2\/product\/463","targetHints":{"allow":["GET"]}}],"collection":[{"href":"https:\/\/www.cupropk.com\/elektro\/wp-json\/wp\/v2\/product"}],"about":[{"href":"https:\/\/www.cupropk.com\/elektro\/wp-json\/wp\/v2\/types\/product"}],"wp:featuredmedia":[{"embeddable":true,"href":"https:\/\/www.cupropk.com\/elektro\/wp-json\/wp\/v2\/media\/462"}],"wp:attachment":[{"href":"https:\/\/www.cupropk.com\/elektro\/wp-json\/wp\/v2\/media?parent=463"}],"wp:term":[{"taxonomy":"product_brand","embeddable":true,"href":"https:\/\/www.cupropk.com\/elektro\/wp-json\/wp\/v2\/product_brand?post=463"},{"taxonomy":"product_cat","embeddable":true,"href":"https:\/\/www.cupropk.com\/elektro\/wp-json\/wp\/v2\/product_cat?post=463"},{"taxonomy":"product_tag","embeddable":true,"href":"https:\/\/www.cupropk.com\/elektro\/wp-json\/wp\/v2\/product_tag?post=463"}],"curies":[{"name":"wp","href":"https:\/\/api.w.org\/{rel}","templated":true}]}}